{"id":72,"date":"2018-08-21T23:31:34","date_gmt":"2018-08-21T21:31:34","guid":{"rendered":"http:\/\/experiencesophro.com\/?page_id=72"},"modified":"2018-10-20T15:15:47","modified_gmt":"2018-10-20T13:15:47","slug":"accueil","status":"publish","type":"page","link":"https:\/\/experiencesophro.com\/","title":{"rendered":"Find your inner balance"},"content":{"rendered":"\n<p class=\"has-regular-font-size has-very-dark-gray-color\">Je suis <strong><em>Sophrologue Praticien<\/em><\/strong>, install\u00e9e \u00e0 <strong><em>Amsterdam<\/em><\/strong>, aux Pays-Bas. J\u2019accueille, individuellement ou en groupe, des personnes qui, \u00e0 un moment de leur vie, d\u00e9cident d\u2019avoir recours \u00e0 la sophrologie soit pour traiter une <strong>probl\u00e9matique<\/strong> actuelle ou difficult\u00e9 bien d\u00e9finie, soit pour d\u00e9velopper leurs <strong>ressources int\u00e9rieures<\/strong> dans le but de retrouver ou maintenir un <strong>\u00e9quilibre personnel<\/strong>. J\u2019attache une grande importance \u00e0 l\u2019\u00e9coute <strong>bienveillante<\/strong>, et consid\u00e8re chaque personne qui vient me voir dans sa globalit\u00e9, en tenant compte de son histoire, son v\u00e9cu et de sa demande. En travaillant \u00e0 la fois sur le <strong>corps<\/strong> et l\u2019<strong>esprit<\/strong>, je me propose de vous accompagner vers un <strong>mieux-\u00eatre<\/strong> g\u00e9n\u00e9ral, une meilleure <strong>connaissance<\/strong> de vous-m\u00eame, et une exp\u00e9rience <strong>plus consciente<\/strong> de votre vie.<\/p>\n\n\n\n<p class=\"has-regular-font-size has-very-dark-gray-color\">Delphine Ricciuti<\/p>\n\n\n\n<div class=\"wp-block-image\"><figure class=\"aligncenter is-resized\"><img loading=\"lazy\" src=\"http:\/\/experiencesophro.com\/wp-content\/uploads\/2018\/10\/101259750-1.jpg\" alt=\"\" class=\"wp-image-440\" width=\"555\" height=\"369\" srcset=\"https:\/\/experiencesophro.com\/wp-content\/uploads\/2018\/10\/101259750-1.jpg 800w, https:\/\/experiencesophro.com\/wp-content\/uploads\/2018\/10\/101259750-1-300x200.jpg 300w, https:\/\/experiencesophro.com\/wp-content\/uploads\/2018\/10\/101259750-1-768x512.jpg 768w\" sizes=\"(max-width: 555px) 100vw, 555px\" \/><\/figure><\/div>\n","protected":false},"excerpt":{"rendered":"<p>Je suis Sophrologue Praticien, install\u00e9e \u00e0 Amsterdam, aux Pays-Bas. J\u2019accueille, individuellement ou en groupe, des personnes qui, \u00e0 un moment de leur vie, d\u00e9cident d\u2019avoir recours \u00e0 la sophrologie soit pour traiter une probl\u00e9matique actuelle ou difficult\u00e9 bien d\u00e9finie, soit&#8230; <a href=\"https:\/\/experiencesophro.com\/\" class=\"readmore\">Read more<span class=\"screen-reader-text\">Find your inner balance<\/span><span class=\"fa fa-angle-double-right\" aria-hidden=\"true\"><\/span><\/a><\/p>\n","protected":false},"author":1,"featured_media":0,"parent":0,"menu_order":0,"comment_status":"closed","ping_status":"closed","template":"","meta":[],"_links":{"self":[{"href":"https:\/\/experiencesophro.com\/index.php\/wp-json\/wp\/v2\/pages\/72"}],"collection":[{"href":"https:\/\/experiencesophro.com\/index.php\/wp-json\/wp\/v2\/pages"}],"about":[{"href":"https:\/\/experiencesophro.com\/index.php\/wp-json\/wp\/v2\/types\/page"}],"author":[{"embeddable":true,"href":"https:\/\/experiencesophro.com\/index.php\/wp-json\/wp\/v2\/users\/1"}],"replies":[{"embeddable":true,"href":"https:\/\/experiencesophro.com\/index.php\/wp-json\/wp\/v2\/comments?post=72"}],"version-history":[{"count":11,"href":"https:\/\/experiencesophro.com\/index.php\/wp-json\/wp\/v2\/pages\/72\/revisions"}],"predecessor-version":[{"id":565,"href":"https:\/\/experiencesophro.com\/index.php\/wp-json\/wp\/v2\/pages\/72\/revisions\/565"}],"wp:attachment":[{"href":"https:\/\/experiencesophro.com\/index.php\/wp-json\/wp\/v2\/media?parent=72"}],"curies":[{"name":"wp","href":"https:\/\/api.w.org\/{rel}","templated":true}]}}