{"id":74,"date":"2018-08-21T23:31:34","date_gmt":"2018-08-21T21:31:34","guid":{"rendered":"http:\/\/experiencesophro.com\/?page_id=74"},"modified":"2025-10-03T16:37:03","modified_gmt":"2025-10-03T14:37:03","slug":"contact","status":"publish","type":"page","link":"https:\/\/experiencesophro.com\/index.php\/contact\/","title":{"rendered":"Prendre RDV"},"content":{"rendered":"\n<p class=\"has-very-dark-gray-color has-text-color has-regular-font-size\"><p class=\"has-regular-font-size has-very-dark-gray-color\">Pour toute question, demande ou prise de rendez-vous, vous pouvez me contacter par t\u00e9l\u00e9phone, Whatsapp ou par e-mail:<\/p><\/p>\n\n\n\n<p class=\"has-regular-font-size\"><strong>Mobile:<\/strong> +31(0)641788121<\/p>\n\n\n\n<p class=\"has-regular-font-size\"><strong>Email:<\/strong> info@experiencesophro.com<\/p>\n\n\n\n<p class=\"has-regular-font-size\">\nJe vous r\u00e9pondrai dans les plus brefs d\u00e9lais!\n\n<\/p>\n\n\n\n<p class=\"has-regular-font-size\"><p style=\"color:#8d7bb5\" class=\"has-regular-font-size\"><a href=\"http:\/\/experiencesophro.com\/index.php\/contact\/les-seances-individuelles\/\">Les S\u00e9ances individuelles<\/a><\/p><\/p>\n\n\n\n<p class=\"has-regular-font-size\"><p style=\"color:#8d7bb5\" class=\"has-regular-font-size\"><a href=\"http:\/\/experiencesophro.com\/index.php\/contact\/les-seances-de-groupe\/\">Les S\u00e9ances de groupe<\/a><\/p><\/p>\n\n\n\n<p class=\"has-regular-font-size\"><p style=\"color:#8d7bb5\" class=\"has-regular-font-size\"><a href=\"http:\/\/experiencesophro.com\/index.php\/contact\/tarifs\/\">Tarifs<\/a><br><\/p><\/p>\n","protected":false},"excerpt":{"rendered":"<p>Pour toute question, demande ou prise de rendez-vous, vous pouvez me contacter par t\u00e9l\u00e9phone, Whatsapp ou par e-mail: Mobile: +31(0)641788121 Email: info@experiencesophro.com Je vous r\u00e9pondrai dans les plus brefs d\u00e9lais! Les S\u00e9ances individuelles Les S\u00e9ances de groupe Tarifs<\/p>\n","protected":false},"author":1,"featured_media":0,"parent":0,"menu_order":0,"comment_status":"closed","ping_status":"closed","template":"","meta":[],"_links":{"self":[{"href":"https:\/\/experiencesophro.com\/index.php\/wp-json\/wp\/v2\/pages\/74"}],"collection":[{"href":"https:\/\/experiencesophro.com\/index.php\/wp-json\/wp\/v2\/pages"}],"about":[{"href":"https:\/\/experiencesophro.com\/index.php\/wp-json\/wp\/v2\/types\/page"}],"author":[{"embeddable":true,"href":"https:\/\/experiencesophro.com\/index.php\/wp-json\/wp\/v2\/users\/1"}],"replies":[{"embeddable":true,"href":"https:\/\/experiencesophro.com\/index.php\/wp-json\/wp\/v2\/comments?post=74"}],"version-history":[{"count":13,"href":"https:\/\/experiencesophro.com\/index.php\/wp-json\/wp\/v2\/pages\/74\/revisions"}],"predecessor-version":[{"id":1663,"href":"https:\/\/experiencesophro.com\/index.php\/wp-json\/wp\/v2\/pages\/74\/revisions\/1663"}],"wp:attachment":[{"href":"https:\/\/experiencesophro.com\/index.php\/wp-json\/wp\/v2\/media?parent=74"}],"curies":[{"name":"wp","href":"https:\/\/api.w.org\/{rel}","templated":true}]}}