{"id":910,"date":"2020-11-16T11:41:58","date_gmt":"2020-11-16T10:41:58","guid":{"rendered":"http:\/\/experiencesophro.com\/?page_id=910"},"modified":"2026-01-23T10:57:26","modified_gmt":"2026-01-23T09:57:26","slug":"calendrier-des-ateliers-a-venir","status":"publish","type":"page","link":"https:\/\/experiencesophro.com\/index.php\/calendrier-des-ateliers-a-venir\/","title":{"rendered":"Calendrier des Ateliers \u00e0 venir:"},"content":{"rendered":"\n<p>Vous pouvez vous inscrire aux ateliers ci-dessous en me contactant par mail sur <a href=\"mailto:info@experiencesophro.com\">info@experiencesophro.com<\/a>. <\/p>\n\n\n\n<p>Je propose toujours plusieurs choix de dates pour chaque atelier donc merci de bien pr\u00e9ciser la date et l&rsquo;horaire de l&rsquo;atelier qui vous int\u00e9resse. Merci aussi de me fournir votre num\u00e9ro de t\u00e9l\u00e9phone pour faciliter nos \u00e9changes ainsi que votre adresse postale pour la facturation.<\/p>\n\n\n\n<p>En r\u00e9ponse, je reviendrai alors vers vous pour confirmer la place disponible \u00e0 l&rsquo;atelier avec une facture et un lien de paiement (Tikkie possible pour les r\u00e9sidents n\u00e9erlandais, sinon PayPal \/ carte bancaire pour tous pays).<\/p>\n\n\n\n<p>Une fois le paiement re\u00e7u, votre r\u00e9servation \u00e0 l&rsquo;atelier est confirm\u00e9e et je vous envoie l&rsquo;invitation ZOOM si l&rsquo;atelier est en ligne.<\/p>\n\n\n\n<p><\/p>\n\n\n\n<p><em>Vous \u00eates d\u00e9j\u00e0 un groupe de 4\/5 personnes et souhaitez organiser un atelier entre amis ? N&rsquo;h\u00e9sitez&nbsp;pas \u00e0 me contacter par mail et nous pourrons planifier un atelier ensemble par doodle.<\/em><\/p>\n\n\n\n<p><\/p>\n\n\n\n<p><em>N&rsquo;h\u00e9sitez pas \u00e0 me faire part de vos pr\u00e9f\u00e9rences de jours et d&rsquo;horaires pour des ateliers et je prendrai en compte vos suggestions autant que possible pour planifier mes prochains ateliers.<\/em><\/p>\n\n\n\n<p>______________________________________________________________________________<\/p>\n\n\n\n<p><b>Atelier <\/b><em style=\"\"><b>en <\/b><\/em><strong><em>pr\u00e9sentiel <\/em>ou<em> sur Zoom <\/em>en une s\u00e9ance unique:<\/strong> <a href=\"http:\/\/experiencesophro.com\/index.php\/atelier-decouverte-futures-mamans\/\">\u00ab\u00a0Sophrologie &amp; Grossesse: Atelier D\u00e9couverte Futures Mamans\u00a0\u00bb<\/a><\/p>\n\n\n\n<p><strong>Atelier en fran\u00e7ais ou anglais, dates au choix:<\/strong><\/p>\n\n\n\n<ul><li><span style=\"\" class=\"has-inline-color\"><font color=\"#8d7bb5\"><b>Jeudi <\/b><\/font><\/span><strong><span style=\"color:#8d7bb5\" class=\"has-inline-color\"> 19 f\u00e9vrier, 19h &#8211; 20h30 <\/span>(en<\/strong> <strong>ligne)<\/strong>.<strong>  <\/strong><\/li><li><strong>Infos &amp; Inscriptions:<\/strong>  https:\/\/www.eventbrite.fr\/e\/sophrology-and-pregnancy-body-and-mind-preparation-workshop-for-moms-to-be-tickets-1981303239324?aff=oddtdtcreator<\/li><\/ul>\n\n\n\n<p>______________________________________________________________________________<\/p>\n\n\n\n<p><b>Atelier <\/b><em style=\"\"><b>en <\/b><\/em><strong><em>pr\u00e9sentiel<\/em> ou <em>sur Zoom <\/em>en une s\u00e9ance unique:<\/strong><a href=\"http:\/\/experiencesophro.com\/index.php\/comment-retrouver-confiance-en-soi-grace-a-la-sophrologie\/\"> \u00ab\u00a0Comment retrouver confiance en soi grace a la sophrologie?\u00a0\u00bb<\/a><\/p>\n\n\n\n<p><strong>Atelier en fran\u00e7ais ou anglais, dates au choix<\/strong>:<\/p>\n\n\n\n<p>______________________________________________________________________________<\/p>\n\n\n\n<p><b>Atelier <\/b><em style=\"font-weight: bold;\">en <\/em><strong><em>pr\u00e9sentiel ou sur Zoom en une s\u00e9ance unique:<\/em><\/strong> <a href=\"http:\/\/experiencesophro.com\/index.php\/atelier-zoom-comment-apprendre-a-lacher-prise-grace-a-la-sophrologie\/\">\u00ab\u00a0Comment apprendre a l\u00e2cher prise gr\u00e2ce a la sophrologie?\u00a0\u00bb<\/a><\/p>\n\n\n\n<p><strong>Atelier en fran\u00e7ais ou anglais, dates au choix:<\/strong><\/p>\n\n\n\n<p>______________________________________________________________________________<\/p>\n\n\n\n<p><b>Atelier<em> en pr\u00e9sentiel <\/em>ou <\/b><strong><em>sur Zoom <\/em>en une s\u00e9ance unique:<\/strong> <a href=\"http:\/\/experiencesophro.com\/index.php\/atelier-zoom-comment-retrouver-un-sommeil-de-bonne-qualite-avec-la-sophrologie\/\">\u00ab\u00a0Comment retrouver un sommeil de bonne qualit\u00e9 avec la sophrologie?\u00a0\u00bb<\/a><\/p>\n\n\n\n<p><strong>Atelier en fran\u00e7ais<\/strong> <strong>ou en anglais, dates au choix:<\/strong><\/p>\n\n\n\n<p>______________________________________________________________________________<\/p>\n\n\n\n<p><strong>Ateliers <em>en pr\u00e9sentiel<\/em> ou <em>sur Zoom<\/em> en une s\u00e9ance unique:<\/strong> <a href=\"http:\/\/experiencesophro.com\/index.php\/atelier-zoom-comment-mieux-gerer-son-stress-grace-a-la-sophrologie\/\">\u00ab\u00a0Comment mieux g\u00e9rer son stress gr\u00e2ce a la sophrologie?\u00a0\u00bb<\/a><\/p>\n\n\n\n<p><strong>Atelier en fran\u00e7ais ou anglais, dates au choix:<\/strong><\/p>\n\n\n\n<ul><li><strong><span style=\"color:#8d7bb5\" class=\"has-inline-color\">Lundi 26 janvier, 19h &#8211; 20h30<\/span> (en pr\u00e9sentiel)<\/strong><\/li><li><strong>Infos &amp; Inscriptions:<\/strong> https:\/\/www.eventbrite.fr\/e\/atelier-les-bienfaits-de-la-sophrologie-dans-la-gestion-de-lanxiete-tickets-1977889706355?aff=oddtdtcreator<\/li><\/ul>\n\n\n\n<p><\/p>\n\n\n\n<p><\/p>\n\n\n\n<p><\/p>\n","protected":false},"excerpt":{"rendered":"<p>Vous pouvez vous inscrire aux ateliers ci-dessous en me contactant par mail sur info@experiencesophro.com. Je propose toujours plusieurs choix de dates pour chaque atelier donc merci de bien pr\u00e9ciser la date et l&rsquo;horaire de l&rsquo;atelier qui vous int\u00e9resse. Merci aussi&#8230; <a href=\"https:\/\/experiencesophro.com\/index.php\/calendrier-des-ateliers-a-venir\/\" class=\"readmore\">Read more<span class=\"screen-reader-text\">Calendrier des Ateliers \u00e0 venir:<\/span><span class=\"fa fa-angle-double-right\" aria-hidden=\"true\"><\/span><\/a><\/p>\n","protected":false},"author":1,"featured_media":0,"parent":0,"menu_order":0,"comment_status":"closed","ping_status":"closed","template":"","meta":[],"_links":{"self":[{"href":"https:\/\/experiencesophro.com\/index.php\/wp-json\/wp\/v2\/pages\/910"}],"collection":[{"href":"https:\/\/experiencesophro.com\/index.php\/wp-json\/wp\/v2\/pages"}],"about":[{"href":"https:\/\/experiencesophro.com\/index.php\/wp-json\/wp\/v2\/types\/page"}],"author":[{"embeddable":true,"href":"https:\/\/experiencesophro.com\/index.php\/wp-json\/wp\/v2\/users\/1"}],"replies":[{"embeddable":true,"href":"https:\/\/experiencesophro.com\/index.php\/wp-json\/wp\/v2\/comments?post=910"}],"version-history":[{"count":67,"href":"https:\/\/experiencesophro.com\/index.php\/wp-json\/wp\/v2\/pages\/910\/revisions"}],"predecessor-version":[{"id":1690,"href":"https:\/\/experiencesophro.com\/index.php\/wp-json\/wp\/v2\/pages\/910\/revisions\/1690"}],"wp:attachment":[{"href":"https:\/\/experiencesophro.com\/index.php\/wp-json\/wp\/v2\/media?parent=910"}],"curies":[{"name":"wp","href":"https:\/\/api.w.org\/{rel}","templated":true}]}}